 - 50 = -206. What is the units digit of i?
8
Let m(l) = 258*l + 29. Let x be 2/(-2) + -13 + (-240)/(-15). What is the units digit of m(x)?
5
Let x be 21/(-3)*(1 + -3). Let j = 10328 + -17444. What is the tens digit of (j/21)/(-4) - (-4)/x?
8
Suppose -27 = 4*c + 4*s - 5*s, -c = 4*s + 11. Let o(z) = 14*z**2 - 2*z + 9. What is the tens digit of o(c)?
0
Suppose 0*y - 12*y = -60. Suppose -y*u + 105 = -245. What is the units digit of u?
0
Let l(f) = 50*f**2 + f. Suppose -3*j + 9 + 9 = 0. Suppose 5 = -r + j. What is the tens digit of l(r)?
5
Let g = 1222 - 774. Suppose -g = -b + 721. What is the units digit of b?
9
Let d be (-5 - -4)*(-5 - -3). Suppose 5*o - 6*m - 2465 = -m, d*o - 3*m - 991 = 0. What is the tens digit of o?
8
Suppose 2*a = -x + 6, 2*x - 34 = -2*x + 2*a. What is the units digit of (-5)/5 - (-286 - x)?
3
Let p = 1586 - 1615. Let b = -56 + 86. Let h = b - p. What is the units digit of h?
9
Let v(p) = -9*p - 144. Let h(y) = 14*y - 9. Let s be h(-1). What is the units digit of v(s)?
3
Let i(y) = 5295*y - 1760. What is the hundreds digit of i(5)?
7
Suppose 0 = 5*i - 5*n - 50, 5*i = -22*n + 19*n + 18. Suppose -2*f = -i*f + 64. What is the tens digit of f?
1
Let w(f) = -2*f + 34. Let x be w(17). Suppose -g = 5*z - 4*g - 21, z + 2*g - 12 = x. What is the tens digit of 2 - (176/z)/((-6)/18)?
9
Let l(d) = 8*d + 56. Let u be l(-6). Let x(j) = j**2 + 13*j - 29. What is the tens digit of x(u)?
3
Let t(c) = 10*c**2 + 21*c - 13. Suppose 29*p - 160 = 14. What is the hundreds digit of t(p)?
4
Let w = 59805 - 33799. What is the ten thousands digit of w?
2
Suppose -3647*l + 3649*l = -5*c + 79482, -4*l + 158988 = 4*c. What is the ten thousands digit of l?
3
Let r = -3701 - -14003. What is the tens digit of r?
0
Let m = 1054 + -1019. Suppose 16555 = m*x - 36120. What is the units digit of x?
5
Suppose 4*z + 11 + 9 = 0, -4*i = -3*z - 39. Let d = i - -184. What is the hundreds digit of d?
1
Let b = 159 - 155. Suppose -k - k + v + 1917 = 0, 3839 = b*k + 3*v. What is the tens digit of k?
5
Suppose -156 = -p - s, -332 = 10*p - 12*p + 3*s. Suppose 0 = -2*n - 3*n + 1385. Let w = n - p. What is the tens digit of w?
1
Suppose -19*g + 38 = 38. Suppose -2*s + 2001 = -t, g = 4*s - 7*s + 3*t + 3003. What is the hundreds digit of s?
0
Let r = 27425 - -6284. What is the hundreds digit of r?
7
What is the tens digit of ((-2648520)/(-54) + 10)*(-2 - 48/(-15))?
6
Let j = 45 - 45. Suppose j = -2*n - 3*k + 1095, -4*k = 4*n + k - 2189. What is the hundreds digit of n?
5
Let y(k) = -178*k + 13. Let r be y(1). Let o = 23 - r. What is the tens digit of o?
8
Suppose -4*d - 3*k = 28, -2*d - 21 = d - 2*k. Let o(y) = y**2 + 8*y + 9. Let v be o(d). What is the units digit of (-3*8/60)/(v/(-160))?
2
What is the units digit of (-181 + 132)/(3/2433*-1)?
9
Let l be 1 - (1 - 17/(-2))*12. What is the hundreds digit of l*9/18*8/(-2)?
2
Let g(t) = 3*t**2 + 85*t + 438. What is the hundreds digit of g(39)?
3
Let m(d) be the third derivative of 31*d**4/6 - 16*d**3/3 + 212*d**2 + 2. What is the units digit of m(7)?
6
Suppose 4 = 3*k - 5*d + 17, 3*k + d = -19. What is the units digit of (-2626)/(-8) + k*(-3)/24?
9
What is the tens digit of ((-46)/(-6) + -1)*759?
6
Suppose 60 = i - 6*i. Let h be (567/i)/3*(-2 + -2). Suppose h = 2*w + m, m = -w - 4*m + 45. What is the tens digit of w?
3
Suppose -3*f - 2*x - 20 - 63 = 0, 0 = -3*f + 5*x - 97. What is the units digit of 145/f*704/(-10)?
2
Suppose 4*s = -y - 3, -3*y + 2*s + 13 = 3*s. Suppose y*d = -7*d + 5496. What is the units digit of d?
8
Suppose 4*a - 17 - 3 = 0. Let n(m) = 8*m + 25. What is the tens digit of n(a)?
6
Let o(m) = 2*m**2 - m - 1. Let k be o(-1). Let w = -10 + k. What is the tens digit of 35 + 2 - (w + 4)?
4
Let j = 7426 + 15897. What is the hundreds digit of j?
3
Suppose 10*h + 50424 = g + 5*h, -4*g + 4*h + 201632 = 0. What is the tens digit of g?
0
Suppose -6*f = -4726 + 12052. Let q = -795 - f. What is the hundreds digit of q?
4
Let y = -79 - 5. Let b = 197 + y. What is the hundreds digit of b?
1
Let v = 686 + 690. What is the thousands digit of v?
1
Suppose -21*o + 53900 + 134585 = 2*o. What is the thousands digit of o?
8
Let b(z) be the third derivative of z**4/4 + 17*z**3/6 + 6*z**2. Let w be b(5). Let u = -22 + w. What is the tens digit of u?
2
Let d = -32 - -53. Suppose -d - 5 = -2*s. Let o(k) = -k**3 + 12*k**2 + 14*k + 5. What is the tens digit of o(s)?
1
Suppose 2*b - 59 - 50 = -3*n, -2*b = -5*n + 155. Suppose n*k - 475 = 5993. What is the hundreds digit of k?
1
Let g = -16 - -22. What is the tens digit of 3/(g/4) + 917?
1
What is the tens digit of ((-997)/(-5))/(-5 + 2208/440)?
6
Let r = -19151 - -26954. What is the tens digit of r?
0
Let d(j) = j**3 - 3*j**2 + 2*j - 3. Let u be d(3). What is the hundreds digit of 14/(-63)*u*-243?
1
Let r(d) = d**2 + 19*d - 736. What is the hundreds digit of r(-71)?
9
Let l(v) = 161*v - 6. Let u(h) = -h**3 - h**2 + 9*h + 15. Let n be u(-2). What is the hundreds digit of l(n)?
1
Let z be (1/1)/((-9)/27) - -36. Suppose -3*w + 4*m + z = 0, -9 = -3*w - 6*m + 2*m. Suppose -3*l = -w*l + 816. What is the units digit of l?
4
Let j(l) = -l**2 - 3*l + 4. Let n be j(-2). Let z be (-199 - -3)*3/n*2. Let p = z - -339. What is the tens digit of p?
4
Suppose 0 = -28*c + 35*c. Suppose -23*r + 22*r + 299 = c. What is the hundreds digit of r?
2
Let h(m) = -23*m - 87. Suppose 3*s - s + 68 = -4*r, -5*s = 0. What is the hundreds digit of h(r)?
3
Suppose 7*w - 190 = 90. Let a be (-432)/(-7) + (w/28)/5. Suppose 85 = 3*o + 5*m, -a = -2*o - m - m. What is the tens digit of o?
3
Suppose 53*j = 69*j - 111841 - 161503. What is the units digit of j?
4
Let z(f) = -f**3 + 20*f**2 + f - 18. Let s be z(20). Suppose c + l + 11 = 0, -s*c + 4*l + 2 = c. What is the units digit of (8/c)/((-2)/24)?
6
Let m(f) = -809*f - 1097. What is the units digit of m(-8)?
5
Suppose 0 = 5*t + 12*t + 85. Let c be -4 - (t + -3) - (-1 - -7). What is the tens digit of c/(-5) + 4 + (-8246)/(-35)?
4
Let h = -1781 + 1670. Suppose 0 = 5*f + 3*d + d - 1258, 4*f - 3*d = 1025. Let j = h + f. What is the units digit of j?
3
Let i be ((5 - 8) + 2)*(512 + 0). Let l = 895 + i. What is the units digit of l?
3
Let g(c) be the third derivative of 157*c**5/15 - c**4/24 + c**3/6 - 2*c**2 - 101. What is the tens digit of g(-1)?
3
Let j be (-3 + 0)/(5/(-50) - 0). Suppose h = -4*f - j + 720, 0 = -7*f - 3*h + 1205. What is the tens digit of f?
7
Let r(h) = -103*h - 65. Let o be r(10). What is the tens digit of (1 + ((-21)/15 - 0))*o?
3
Let t be (-52)/(-32)*4*(-1 - 49). Let k = 257 - t. What is the units digit of k?
2
Let a(p) = -3*p**3 + 4*p**2 + 37*p + 9. Let q(t) = 2*t**3 - 6*t**2 - 37*t - 9. Let f(m) = 4*a(m) + 5*q(m). What is the tens digit of f(-8)?
1
Suppose -3*r - 198618 = -3*s, 13*r = 2*s + 17*r - 132460. What is the thousands digit of s?
6
Suppose -j = 3*p - 14711, -537*j = -538*j + 4*p + 14690. What is the ten thousands digit of j?
1
Let s(w) = 293*w**2 + 14*w - 11. Let u be s(2). Suppose -2000 - u = -3*v. What is the tens digit of v?
6
Suppose 4*s + g + g - 42 = 0, -s = -4*g - 6. Let d be 3840/(-18)*(-12)/s. Suppose -3*u - 52 = -d. What is the units digit of u?
8
Suppose 3*f - 4*f = -114. Suppose -3*x = 2*m - 114, -63 = -m + 3*x + 3. Let a = f - m. What is the tens digit of a?
5
Let h(m) = -m**2 - 26*m + 44. Let s = -19 + 59. Let g = s + -63. What is the hundreds digit of h(g)?
1
Suppose -3*k - k - 545 = -5*n, -4*n - 572 = 4*k. Let h = k - -459. What is the tens digit of h?
1
Let a be -1 - 10/8 - 4/(-16). Let m be ((-8)/a)/(-2) - -190. Let z = m - 106. What is the tens digit of z?
8
Let z = -1 - -55. Let i = -85 + z. Let o = i - -62. What is the tens digit of o?
3
Let g(x) = 5*x + 2. Let c be g(3). Let o(a) = -117*a - c + 124*a + 2. What is the tens digit of o(7)?
3
Let j be ((-303)/2)/((-66)/220). Suppose -j - 477 = -2*p. What is the hundreds digit of p?
4
What is the hundreds digit of ((-622017)/1236)/(2/(-8))?
0
Let c(g) = -60*g + 10. Let i be c(-1). Suppose -i = -9*x + 209. What is the tens digit of x?
3
Let h(t) = 583*t - 148. What is the hundreds digit of h(8)?
5
Suppose 7*k + 952 = -7*k. Let x = 71 + k. Suppose 1120 = 11*f - x*f. What is the units digit of f?
0
Let l(y) = y**2 - 7*y + 10. Let v be l(6). Suppose 3*r = -b + 402, 3*r + b - v*b =